alse
Does 13 divide 740389?
True
Does 20 divide 128580?
True
Is 5387388 a multiple of 1356?
True
Is 82 a factor of 1758030?
False
Is 6 a factor of 95322?
True
Is 468925 a multiple of 11?
False
Is 268884 a multiple of 22?
True
Is 35 a factor of 1040850?
False
Is 649006 a multiple of 538?
False
Does 23 divide 1690822?
True
Is 4833615 a multiple of 15?
True
Is 234 a factor of 89622?
True
Does 13 divide 1300338?
True
Is 146 a factor of 6992962?
True
Is 2839716 a multiple of 99?
True
Is 1256 a factor of 9203384?
False
Does 97 divide 277358?
False
Is 357 a factor of 363172?
False
Is 422598 a multiple of 22?
True
Is 144855 a multiple of 24?
False
Is 5880600 a multiple of 486?
True
Does 100 divide 420342?
False
Does 4 divide 5651?
False
Is 13 a factor of 23256?
False
Does 47 divide 402180?
False
Is 611888 a multiple of 458?
True
Is 55 a factor of 2408835?
True
Does 12 divide 842772?
True
Is 22908 a multiple of 92?
True
Is 15 a factor of 2737490?
False
Does 76 divide 20675520?
False
Does 106 divide 1352551?
False
Is 187457 a multiple of 28?
False
Is 37 a factor of 2778337?
False
Does 6 divide 2437943?
False
Is 761785 a multiple of 5?
True
Does 24 divide 34680?
True
Does 195 divide 1386853?
False
Is 10 a factor of 139435?
False
Is 315276 a multiple of 129?
True
Is 19 a factor of 184148?
True
Is 3 a factor of 673779?
True
Is 202910 a multiple of 54?
False
Is 231205 a multiple of 81?
False
Is 3680092 a multiple of 782?
True
Does 69 divide 116711?
False
Is 1255 a factor of 11013880?
True
Is 92304 a multiple of 72?
True
Is 903 a multiple of 43?
True
Is 184 a factor of 1300266?
False
Is 74 a factor of 75406?
True
Is 90233 a multiple of 117?
False
Does 2 divide 20861?
False
Does 18 divide 8950386?
False
Is 2 a factor of 85696?
True
Does 10 divide 22680?
True
Is 5097 a multiple of 3?
True
Does 14 divide 315168?
True
Is 66385 a multiple of 187?
True
Is 293069 a multiple of 223?
False
Is 795872 a multiple of 32?
True
Is 350902 a multiple of 94?
True
Is 49 a factor of 1137884?
False
Is 45 a factor of 1128178?
False
Does 18 divide 1001531?
False
Does 12 divide 62061?
False
Does 22 divide 1279490?
False
Does 3 divide 4724?
False
Is 1535380 a multiple of 22?
True
Does 189 divide 131324?
False
Is 508690 a multiple of 182?
True
Is 899725 a multiple of 493?
True
Is 4976347 a multiple of 19?
True
Is 500025 a multiple of 17?
False
Is 15 a factor of 1467195?
True
Is 32 a factor of 7324800?
True
Does 120 divide 6514800?
True
Does 466 divide 225842?
False
Is 638770 a multiple of 110?
True
Does 2 divide 665945?
False
Is 3 a factor of 6399?
True
Does 32 divide 311456?
True
Is 210804 a multiple of 5?
False
Does 2 divide 37486?
True
Does 10 divide 68611?
False
Is 422 a factor of 465509?
False
Is 5996406 a multiple of 59?
True
Is 1827008 a multiple of 64?
True
Is 8327430 a multiple of 48?
False
Is 224 a factor of 55171?
False
Is 51 a factor of 1184524?
False
Is 3 a factor of 11685?
True
Is 1271 a factor of 2023534?
False
Is 22 a factor of 259114?
False
Is 1956062 a multiple of 212?
False
Is 2609010 a multiple of 45?
True
Is 51 a factor of 6573747?
True
Is 6 a factor of 104274?
True
Is 1092740 a multiple of 55?
True
Does 99 divide 317295?
True
Is 1119 a factor of 4903458?
True
Is 136752 a multiple of 148?
True
Is 303 a factor of 1261420?
False
Is 15 a factor of 1519980?
True
Is 35 a factor of 11515?
True
Is 133 a factor of 8025639?
False
Does 1230 divide 1723230?
True
Does 4 divide 723276?
True
Does 4 divide 54447?
False
Does 97 divide 156170?
True
Is 361101 a multiple of 591?
True
Is 90 a factor of 1625490?
True
Is 8081473 a multiple of 284?
False
Is 34 a factor of 1534601?
False
Does 40 divide 1239600?
True
Does 11 divide 18046?
False
Is 673 a factor of 2480005?
True
Is 81 a factor of 494146?
False
Is 784937 a multiple of 35?
False
Does 66 divide 266748?
False
Does 393 divide 1236378?
True
Is 161 a factor of 251950?
False
Does 28 divide 136640?
True
Is 9 a factor of 170143?
False
Is 352 a factor of 1906412?
False
Is 470 a factor of 2220750?
True
Is 132560 a multiple of 60?
False
Is 6 a factor of 237498?
True
Is 105462 a multiple of 558?
True
Is 72971 a multiple of 137?
False
Is 2326752 a multiple of 407?
False
Does 645 divide 645?
True
Does 75 divide 213225?
True
Is 1396824 a multiple of 968?
True
Is 103 a factor of 158800?
False
Does 6 divide 241075?
False
Is 262888 a multiple of 34?
True
Is 840048 a multiple of 473?
True
Does 283 divide 3458993?
False
Does 308 divide 1097404?
True
Is 224 a factor of 30688?
True
Is 185 a factor of 98420?
True
Is 242474 a multiple of 12?
False
Is 53 a factor of 183814?
False
Is 3995459 a multiple of 17?
True
Is 106370 a multiple of 15?
False
Is 1464637 a multiple of 10?
False
Is 32 a factor of 910982?
False
Does 46 divide 207460?
True
Is 438998 a multiple of 14?
True
Is 85 a factor of 996540?
True
Is 692 a factor of 15599274?
False
Does 161 divide 1449161?
True
Does 16 divide 8688198?
False
Does 2519 divide 6876452?
False
Is 1936308 a multiple of 132?
True
Is 189084 a multiple of 28?
True
Does 86 divide 1236996?
False
Is 102056 a multiple of 8?
True
Is 108294 a multiple of 296?
False
Does 68 divide 183960?
False
Is 87 a factor of 368271?
True
Is 891 a factor of 11706849?
True
Is 129519 a multiple of 13?
True
Does 637 divide 397128?
False
Does 49 divide 200655?
True
Is 106 a factor of 9568?
False
Is 337 a factor of 1672447?
False
Does 33 divide 6682467?
True
Is 161236 a multiple of 173?
True
Is 21329 a multiple of 385?
False
Does 58 divide 1124861?
False
Is 19 a factor of 3139104?
True
Is 43 a factor of 280362?
False
Is 14 a factor of 3043096?
True
Does 318 divide 1465980?
True
Does 2 divide 8691?
False
Does 98 divide 279300?
True
Is 2226023 a multiple of 100?
False
Is 665 a factor of 306565?
True
Is 1450295 a multiple of 385?
True
Is 380160 a multiple of 640?
True
Is 24 a factor of 26207?
False
Is 17 a factor of 968116?
True
Does 6 divide 881440?
False
Is 39648 a multiple of 73?
False
Is 387 a factor of 5975667?
True
Is 404 a factor of 394005?
False
Is 462 a factor of 546712?
False
Does 122 divide 38253?
False
Is 6 a factor of 834264?
True
Is 10 a factor of 222510?
True
Is 88160 a multiple of 80?
True
Does 348 divide 13504488?
True
Does 22 divide 33946?
True
Does 6 divide 105856?
False
Is 34095530 a multiple of 13?
False
Does 15 divide 717270?
True
Does 6 divide 231498?
True
Is 56 a factor of 986208?
False
Is 410087 a multiple of 5?
False
Does 270 divide 107730?
True
Is 71311 a multiple of 22?
False
Is 8 a factor of 2071712?
True
Is 156864 a multiple of 16?
True
Is 4 a factor of 300295?
False
Does 55 divide 114785?
True
Is 68248 a multiple of 19?
True
Does 4 divide 49276?
True
Is 197200 a multiple of 58?
True
Is 43238 a multiple of 21?
False
Is 2357253 a multiple of 22?
False
Is 4 a factor of 2609973?
False
Is 101 a factor of 1569777?
False
Does 47 divide 640366?
False
Does 3 divide 37479?
True
Does 4 divide 22913?
False
Is 5096834 a multiple of 3?
False
Does 101 divide 1342098?
False
Is 100 a factor of 398900?
True
Does 56 divide 390442?
False
Is 30 a factor of 3130860?
True
Is 283 a factor of 1593182?
False
Does 466 divide 7892642?
True
Is 4131704 a multiple of 466?
False
Is 6482433 a multiple of 516?
False
Does 17 divide 22820069?
True
Is 1230 a factor of 349320?
True
Does 8 divide 121800?
True
Does 9 divide 15928002?
True
Is 22 a factor of 53702?
True
Is 546072 a multiple of 61?
True
Is 50 a factor of 311186?
False
Does 95 divide 812600?
False
Is 578632 a multiple of 8?
True
Is 731747 even?
False
Does 283 divide 382899?
True
Is 21 a factor of 114219?
True
Does 1224 divide 5111388?
False
Is 106860 a multiple of 27?
False
Is 125708 a multiple of 2?
True
Does 41 divide 29164?
False
Does 1513 divide 3826377?
True
Is 107 a factor of 1411859?
False
Is 619 a factor of 2731585?
False
Is 1138134 a multiple of 30?
False
Does 441 divide 1377243?
True
Does 1130 divide 1108743?
False
Is 14 a factor of 13461196?
True
Does 14 divide 3377444?
True
Is 1539012 a multiple of 54?
False
Is 1311 a factor of 9639580?
False
Does 36 divide 1668132?
True
Is 1562 a factor of 3393741?
False
Does 6 divide 15741?
False
Is 2818872 a multiple of 28?
True
Is 120 a factor of 99974?
False
Is 954954 a multiple of 117?
True
Is 1231 a multiple of 21?
False
Is 2421509 a mul